*i - 5*n, 0*i - 4*n = 2*i + 182. Let o = -63 - i. What are the prime factors of o?
2, 19
Let c(m) = m + 8. Let j be c(-10). Let x = 0 - j. List the prime factors of x.
2
Suppose 4*h = -5*l + 312, -5*h + 0*l - 2*l = -390. What are the prime factors of h?
2, 3, 13
Let z(m) = -m**3 - 3*m**2 + 2*m - 2. Suppose 3*k - 18 = 2*j + k, 3*j + 32 = 4*k. What are the prime factors of z(j)?
2, 3
Let m(p) = p**3 + 15*p**2 + 14*p + 2. What are the prime factors of m(-14)?
2
Suppose 5*z + 73 = 5*t + 2*z, -32 = -2*t + 4*z. Suppose t + 1 = 3*k. List the prime factors of k.
5
Suppose 3*o + 14 + 7 = 0. List the prime factors of (-2)/o*10*7.
2, 5
Suppose 2*g = -5*f + 3*f + 2, f = -4*g + 13. Suppose -g*b = b - 10, 3*b - 10 = -z. List the prime factors of z.
2
Let c(d) = -6*d**3 - 5*d**2 + 8*d + 1. Let x(i) = -5*i**3 - 4*i**2 + 7*i. Let g(f) = -4*c(f) + 5*x(f). List the prime factors of g(-3).
2, 7
Let l(o) = 5*o**2 - o + 2. What are the prime factors of l(-2)?
2, 3
Suppose -8*n + 3*n = -990. List the prime factors of n.
2, 3, 11
Let x(w) = w - 1. Let r be x(0). Let t be (2/(-1))/((-1)/r). What are the prime factors of (3/t)/(3/(-4))?
2
Let x(o) = -7*o - 1. Suppose j + v = -3, j + 2*v = -0 - 4. List the prime factors of x(j).
13
Suppose 126 = 5*i + 5*a + 31, 3*a - 75 = -4*i. Let v = i - 13. Suppose -3*f - 9 = 0, y + v = -3*f - 1. List the prime factors of y.
3
Let l = -8 + 13. Suppose -u = l, -2*v + 101 = v - u. What are the prime factors of v?
2
Suppose 0 = -2*h - 5*t + 159, -3*h - 2*t + 413 - 147 = 0. List the prime factors of h.
2, 23
Suppose 4*b = 5*b + 1. Let w(y) = -9*y**3 + y**2 + 2*y + 1. List the prime factors of w(b).
3
What are the prime factors of (-14)/((-14)/(-6) - 3)?
3, 7
Suppose x = 3*j - j - 210, -210 = -2*j + 5*x. List the prime factors of j.
3, 5, 7
Suppose 3*g = -3*f + 7*f - 11, 3 = f - g. Suppose 0*c + 16 = f*c. Let b = c + -4. List the prime factors of b.
2
Let d(v) = v**2 - 5. Let b be d(0). Suppose 16 = -0*f + 2*f. Let g = b + f. What are the prime factors of g?
3
Let i = -18 - -30. Suppose -2*j + i = 2*j. Suppose j*b = 2 + 22. List the prime factors of b.
2
Suppose 0 = -0*k - 2*k + 10. Let j(t) = 4 - 3 + 2 - t**2 + 8*t + 0*t**2. What are the prime factors of j(k)?
2, 3
Let t be 2 - (0 - -2 - 3). Suppose -j - 2*u - 11 = -4*j, -t*j - u + 26 = 0. List the prime factors of j.
7
Suppose 3*a - q = 27, a = 6*a + 3*q - 45. What are the prime factors of a?
3
Let n be 2/2 - 13/(-1). Let o = 29 - n. List the prime factors of o.
3, 5
Suppose 120 = -0*h + 3*h. What are the prime factors of h?
2, 5
Suppose 2*b = 5*k + 401, -3*b - 196 = -4*b + 4*k. List the prime factors of b.
2, 13
Suppose -p + 4*p = 0. What are the prime factors of p + -12*(3 - 5)?
2, 3
Suppose -9*d = -11*d + 42. List the prime factors of d.
3, 7
Let a(v) = -2*v**2 + 3*v - 9. Let i(g) = 3*g**2 - 7*g + 18. Let n = -1 + -4. Let s(j) = n*a(j) - 3*i(j). List the prime factors of s(-8).
7
List the prime factors of 23 - -5 - (-1 - -2).
3
Suppose 4*t = 2*a - 190, 5*a + 0*t - 2*t = 459. List the prime factors of a.
7, 13
Let n = 85 + -40. What are the prime factors of n?
3, 5
Let z = 10 + -6. Suppose -q = -z - 2. Suppose -3*u + q + 18 = 0. List the prime factors of u.
2
Let w be (-3)/(-9) + 5/3. Let j(z) = 5*z - 2. List the prime factors of j(w).
2
Let y be 1/(-1)*(-1 + -1). Let n(g) be the third derivative of g**6/120 - g**5/30 + g**4/12 - 6*g**2. What are the prime factors of n(y)?
2
Suppose 5*b + o = 13 + 11, -5*b + 5*o = 0. Let j = 4 + b. List the prime factors of j.
2
Let k(z) = -4*z**3 + 5*z + 12. What are the prime factors of k(-3)?
3, 5, 7
Suppose 4*m + 8 = -4*v, 10 = 2*m + 4*v + 22. Suppose m*i - 27 = -5. List the prime factors of i.
11
What are the prime factors of 26/(-130) + (-196)/(-5)?
3, 13
Suppose -3*k + 4 = -7*k. List the prime factors of 4/8*(k + 7).
3
Let m = -1 + 0. Let a(b) = 2*b**3 + b**2. Let n be a(m). Let s(k) = 9*k**2. List the prime factors of s(n).
3
Let a be 0/2 + 4/2. Suppose 0 = 4*t - f - 8, -a*t - t + 6 = -3*f. What are the prime factors of t?
2
Let o(u) = -27*u + 1. Let k(h) = -27*h + 1. Let x(t) = 3*k(t) - 2*o(t). Let j be x(-1). Suppose 4*n + 4 - j = 0. List the prime factors of n.
2, 3
Suppose 3*b - 29 = 2*p, -3*b + 8*p = 4*p - 31. What are the prime factors of (-2)/b + 114/27?
2
Suppose -37 - 3 = 5*j. List the prime factors of 1 - 1 - (-8 + j).
2
Let x(i) be the first derivative of 7*i**4/12 - i**3/3 + i**2/2 - i - 1. Let t(l) be the first derivative of x(l). What are the prime factors of t(1)?
2, 3
Let n be 1*-2 + 4*1. Let y(g) = g**3. Let a be y(2). What are the prime factors of -1*(0 - a/n)?
2
What are the prime factors of (0 - -1)/((-8)/(-808))?
101
Let o(p) = -p**3 - 17*p**2 - 15*p - 12. Let j be o(-16). Let d = 58 + j. What are the prime factors of d?
2, 3, 5
Let y = -169 + 265. What are the prime factors of y?
2, 3
What are the prime factors of 230/4 + 25/50?
2, 29
Let h = 4 - 2. Suppose 0 = 4*v - h - 6. List the prime factors of v.
2
Suppose 2 - 10 = -4*v. Suppose 16 = v*n - 4*n. Let s = -2 - n. What are the prime factors of s?
2, 3
Let c(v) = -17*v + 18. What are the prime factors of c(-7)?
137
Let t(g) = -4*g - 11. Let i be t(-8). Suppose -2*r = r - i. List the prime factors of r.
7
Let g(t) = t**3 - t - 3. Let r be g(3). Suppose 0 = c - 3*u - 4 - 6, 0 = 2*c - 5*u - r. What are the prime factors of c?
13
Let g be 45/20 - (-6)/8. Suppose 5*v - 5*d + 65 = 0, 5*v - g*d + 63 - 6 = 0. Let x = 16 + v. List the prime factors of x.
7
Let k be 2 - (2 - -1) - -43. Let d be 2 - (-1 + 2 + -1). Suppose j + 5*n = 5*j - k, -d = -j - 3*n. List the prime factors of j.
2
Suppose -32 = -2*x - 2. List the prime factors of x*1*(-3)/(-5).
3
Let m be 0/(3/3)*-1. Suppose m*p - 24 = -2*p. What are the prime factors of p?
2, 3
Let n = -1 + 2. Suppose -n - 1 = -2*a. Suppose x + a - 6 = 0. List the prime factors of x.
5
Let k = 1 - 3. Let y = 0 - k. Suppose 0 = -5*a + y*h + 22, 2*a + 3*h + 7 - 31 = 0. List the prime factors of a.
2, 3
Let u = 4 + -1. Suppose -3*m + 17 + 19 = u*f, 0 = -3*f + 4*m + 1. List the prime factors of f.
7
Let u(g) = 2*g**3 + g**2 - 1. Let b be u(1). Suppose -d = -b*t - 8 - 1, -t + 3*d - 7 = 0. What are the prime factors of t/10 - (-104)/10?
2, 5
Let d(a) = -a + 6. Let j(p) = 3*p - 17. Let h(k) = 7*d(k) + 2*j(k). Suppose -4 + 24 = -5*y - 4*i, 0 = 5*y - 2*i - 10. What are the prime factors of h(y)?
2
Let v(d) = -d**2 - 5*d + 6. Let p be v(-6). Let q = p - -3. What are the prime factors of q?
3
List the prime factors of (66/24)/((-3)/(-24)).
2, 11
List the prime factors of 2*-2 - (-352)/11.
2, 7
Suppose 5*j + 3*k + 2*k = -45, 0 = 3*j - 5*k + 67. List the prime factors of j/(-6) - (-2)/3.
3
Suppose -x = x. Suppose x*t - 42 = -2*t. List the prime factors of t.
3, 7
Let u(s) = -s**3 - 5*s - 3. List the prime factors of u(-3).
3, 13
Let m(k) be the second derivative of k**4/12 + 3*k**3/2 + 4*k**2 + 3*k. Let c be m(-8). Suppose c = 2*h - 0*h - 34. List the prime factors of h.
17
Suppose -j + 288 = j. List the prime factors of j.
2, 3
Let q = -12 + 34. What are the prime factors of q?
2, 11
Let p(g) = -g**2 - 15*g - 22. Let f be p(-12). Suppose 0 = o - d - 12, -3*d = 2*o - 8 - 11. Let y = f - o. What are the prime factors of y?
3
Suppose 1 + 11 = -4*y. Let f = 19 - y. What are the prime factors of f?
2, 11
Let y = -2 + 147. List the prime factors of y.
5, 29
Let g be ((-12)/(-15))/(-2)*-25. Let t(i) = -i**3 + i**2 - i. Let f be t(1). Let a = g - f. List the prime factors of a.
11
Let i(a) = -7*a**2 + 6 - a**2 - a**3 + 5. Let b be i(-8). Suppose 0 = -2*g - 5*f - b, -2*g - 2*f - 2 = -6. List the prime factors of g.
7
List the prime factors of (-1 + 0)/(4/(-248)).
2, 31
Suppose -3*p - 2*s + 294 = 0, 4*p - 2*s - 412 = 2*s. What are the prime factors of p?
2, 5
Let i(q) = q**2 - 5*q - 8. Suppose 3*z = 7 + 17. What are the prime factors of i(z)?
2
Let w = 11 - 9. Suppose 2*d - u = 47, 4*d + u + w*u = 69. List the prime factors of d.
3, 7
Let k(x) = -x**2 - 16*x + 12. List the prime factors of k(-13).
3, 17
What are the prime factors of ((-63)/2)/(57/(-76))?
2, 3, 7
Let w(x) = -58*x. Let i be w(1). Let z = i - -85. What are the prime factors of z?
3
Suppose 5*a = 3*a - 48. Suppose -64 = -2*x - 5*i, -i = 2*x - 45 - 35. Let t = a + x. What are the prime factors of 